the greatest common divisor of 33193398 and 4326?
4326
Calculate the greatest common factor of 62804 and 2422.
14
What is the highest common factor of 33738564 and 48532?
4412
What is the greatest common divisor of 8304945 and 3355?
55
Calculate the highest common divisor of 120 and 31188505.
5
What is the greatest common factor of 3723788 and 15623?
919
What is the greatest common factor of 145126 and 41720?
298
What is the greatest common divisor of 193108 and 2300?
92
Calculate the greatest common divisor of 58 and 22716019.
29
What is the highest common factor of 1124332 and 11716?
404
What is the highest common divisor of 6378511 and 2209?
47
What is the highest common factor of 3012 and 908301732?
3012
Calculate the greatest common divisor of 143 and 910403.
13
What is the greatest common divisor of 2004 and 13640226?
1002
Calculate the greatest common divisor of 175467 and 1003881.
69
What is the highest common factor of 1462 and 26134712?
1462
What is the highest common divisor of 31925968 and 7474?
74
What is the greatest common factor of 213212 and 8199484?
1412
What is the greatest common factor of 94575 and 692580?
1455
What is the highest common factor of 134028871 and 4762?
2381
What is the highest common divisor of 337160 and 1580?
20
What is the greatest common factor of 27 and 2374573023?
27
Calculate the highest common factor of 114036 and 3089937.
2193
What is the greatest common divisor of 603801 and 15675?
627
What is the greatest common divisor of 1532814 and 348?
6
What is the greatest common factor of 46878 and 250146?
78
What is the highest common divisor of 36577712 and 149?
149
Calculate the greatest common divisor of 23281 and 76787.
31
Calculate the greatest common divisor of 1448354 and 1306.
1306
Calculate the highest common factor of 146416 and 128.
16
What is the greatest common divisor of 38883063 and 26163?
969
What is the greatest common divisor of 296578490 and 325?
65
What is the highest common factor of 56626178 and 610?
122
What is the highest common factor of 216195 and 56805?
105
Calculate the greatest common divisor of 740794 and 200754.
1174
What is the greatest common divisor of 348369 and 742?
371
Calculate the greatest common factor of 15355975 and 93041.
421
What is the highest common divisor of 510 and 5938410?
30
What is the highest common factor of 1681318 and 463954?
458
Calculate the greatest common divisor of 87822 and 21035460.
4182
Calculate the greatest common factor of 329521913 and 49.
49
Calculate the highest common divisor of 11944 and 50996401.
1493
Calculate the highest common divisor of 3774742 and 1.
1
Calculate the greatest common factor of 3231 and 1047203.
359
Calculate the highest common divisor of 294 and 94092348.
294
Calculate the greatest common divisor of 2 and 4236602.
2
What is the greatest common factor of 899392 and 1576192?
3008
What is the greatest common divisor of 34481421 and 351?
117
What is the highest common divisor of 16377542 and 678?
226
What is the greatest common divisor of 1050 and 288925?
175
Calculate the greatest common factor of 240 and 57480420.
60
Calculate the greatest common factor of 25 and 8043325.
25
Calculate the highest common divisor of 1099917 and 2808.
117
What is the highest common factor of 335790 and 7605?
585
Calculate the highest common divisor of 1204677 and 10368.
9
What is the highest common factor of 7565875 and 15?
5
Calculate the greatest common divisor of 646675318 and 33069.
11023
What is the highest common factor of 4716374 and 2743?
13
What is the greatest common divisor of 184626 and 32295874?
6838
Calculate the highest common divisor of 234730 and 8.
2
What is the greatest common divisor of 90 and 9504470?
10
What is the greatest common divisor of 80400727 and 11?
11
Calculate the highest common divisor of 56658837 and 87.
87
What is the greatest common divisor of 27839 and 48421?
41
What is the greatest common factor of 1200 and 21942600?
600
What is the highest common factor of 34682137 and 644?
161
What is the highest common divisor of 1542 and 28944?
6
Calculate the greatest common factor of 7298888 and 105431.
589
Calculate the highest common divisor of 20182850 and 50.
50
Calculate the highest common factor of 1498288 and 352.
176
Calculate the greatest common factor of 3182495 and 5.
5
What is the highest common divisor of 455 and 8074235?
65
What is the highest common divisor of 6120 and 91196976?
408
Calculate the greatest common divisor of 13074149 and 44.
11
What is the highest common divisor of 2657304096 and 16?
16
What is the highest common factor of 5776 and 11856?
304
Calculate the greatest common divisor of 149797665 and 495.
45
What is the highest common divisor of 1610312 and 20416?
2552
Calculate the greatest common divisor of 235 and 31754.
1
What is the highest common divisor of 874068096 and 396?
132
Calculate the highest common factor of 400 and 37008320.
80
What is the highest common divisor of 140183565 and 2775?
555
What is the greatest common factor of 174800940 and 660?
60
What is the highest common divisor of 38555 and 1175577?
701
Calculate the highest common divisor of 2622 and 22252500.
138
What is the greatest common factor of 28969338 and 76?
38
What is the greatest common factor of 14589 and 85707133?
1621
What is the highest common divisor of 173653 and 2954?
211
Calculate the highest common factor of 20832572 and 508.
508
Calculate the greatest common divisor of 1695 and 164865.
15
Calculate the highest common factor of 143304802 and 76.
38
Calculate the highest common divisor of 43775 and 221.
17
What is the highest common divisor of 101376 and 382932?
396
What is the highest common factor of 258042 and 303?
3
What is the greatest common divisor of 54 and 891369?
9
Calculate the highest common divisor of 2136550 and 10400.
650
Calculate the highest common factor of 1389637 and 115.
23
Calculate the highest common divisor of 3009254 and 6.
2
Calculate the highest common divisor of 13015 and 18483903.
2603
Calculate the highest common factor of 21739206 and 1704.
426
What is the greatest common factor of 750008 and 54752?
472
What is the highest common factor of 2317845492 and 684?
684
What is the highest common factor of 121989 and 153846?
777
What is the highest common divisor of 61722930 and 1770?
30
What is the greatest common factor of 5865 and 3836055?
345
Calculate the greatest common factor of 3294 and 29452020.
366
What is the greatest common divisor of 11785600 and 175?
25
What is the highest common divisor of 518200 and 7825?
25
Calculate the greatest common factor of 5681 and 1571314.
23
Calculate the highest common factor of 5377 and 3610.
19
What is the greatest common factor of 34108 and 8?
4
What is the greatest common factor of 7059 and 48269985?
543
What is the highest common divisor of 146 and 160351143?
73
Calculate the highest common factor of 19 and 11551.
1
What is the greatest common divisor of 4770 and 3347671860?
4770
What is the highest common factor of 1275580 and 1336645?
6785
Calculate the highest common factor of 3249 and 238978029.
1083
What is the greatest common divisor of 6080282 and 1014?
338
What is the greatest common divisor of 47541660 and 353460?
2580
Calculate the greatest common factor of 13506633 and 819.
63
What is the greatest common factor of 260 and 331055140?
260
Calculate the highest common factor of 41428002 and 63.
21
What is the greatest common factor of 19799 and 105521?
13
Calculate the greatest common factor of 7946 and 152018.
58
What is the greatest common factor of 1035 and 3162339?
207
What is the highest common divisor of 26025 and 82933?
347
What is the highest common divisor of 456779 and 424270?
551
What is the highest common divisor of 1649792 and 768?
128
Calculate the highest common divisor of 49 and 137755415.
49
Calculate the highest common divisor of 683992 and 3.
1
What is the greatest common factor of 158909476 and 88?
44
Calculate the greatest common divisor of 40304925 and 4725.
675
What is the highest common divisor of 3464041 and 14?
7
What is the greatest common factor of 393067338 and 3018?
3018
Calculate the highest common factor of 200567281 and 73.
73
What is the greatest common divisor of 1800169547